prime factors of f/(-6)*279/g?
3, 7
Suppose 0 = -4*y - 3*s - 552 + 107, -5*s - 555 = 5*y. Let t = y + 58. What are the prime factors of (44/4)/((-1 - 2)/t)?
2, 3, 11
Let p = -10641 - -21536. List the prime factors of p.
5, 2179
Suppose -m + 174 = 2*m. Let x(o) = -o**3 + 12*o**2 - 25*o - 8. Let h be x(9). Suppose -3*j + m = h. What are the prime factors of j?
2
Let b = 12 + -14. Let y(v) = -2*v - 1. Let x be y(-3). What are the prime factors of (-1 - -1) + x + b?
3
Let q(o) be the third derivative of o**5/60 - o**4/8 + 2*o**3 + 21*o**2. Let n be q(4). What are the prime factors of 21/(-5)*(n + -21)?
3, 7
Suppose -723 = -6*z - 63. Let w be z - ((-3)/(-2) - 42/28). Let l = 6 + w. List the prime factors of l.
2, 29
Suppose 1113 = 4*h - 3*s, 832 = -2*h + 5*h - 5*s. List the prime factors of h.
3, 31
Let s(u) = 945*u + 2150. What are the prime factors of s(20)?
2, 5, 421
Let z = -296 - -301. Suppose -f = -z, -f = -0*j - 5*j + 1950. What are the prime factors of j?
17, 23
Let s = 37 - 35. Let k(x) = -x**3 + x**2 + 2*x - 8. Let m be k(-5). Suppose -s*u + m = u. List the prime factors of u.
2, 11
Suppose -4*m + 46*g + 125860 = 34*g, 2*m - 62986 = -2*g. What are the prime factors of m?
2, 7, 13, 173
Let z(m) = -524*m + 435. List the prime factors of z(-10).
5, 227
Let t(g) = -g**2 - 2*g + 3. Let l be t(3). Let r be (-5061)/l - (-1)/4. Suppose 4*p + 2*f = r, -191 = 3*p - 5*p + 3*f. What are the prime factors of p?
103
Let o be ((-12)/(-18))/(-8*3/(-2916)). Let r be -2 + (2*-35)/(-2). Suppose g = o - r. What are the prime factors of g?
2, 3
Let h = 121 + -58. Let s = h + -47. Suppose s = 3*w - 290. What are the prime factors of w?
2, 3, 17
Let p be -1 + (-22)/(-4) - 42/84. Let s = -7 - -12. Suppose -q = -s*v - 50 - 45, 131 = q + p*v. List the prime factors of q.
5, 23
Let w = 2683 - 4696. List the prime factors of (0/2 + 1)/((-11)/w).
3, 61
Suppose 3*v = -81*g + 83*g + 37580, -g + 62668 = 5*v. What are the prime factors of v?
2, 13, 241
Let f(l) = l**2 - 8*l + 22. Let s be f(8). Let m be (18/4)/(-3) - 187/s. List the prime factors of 4*11 - (-6 - m).
2, 5
What are the prime factors of 207/138 + 14382/4?
3, 11, 109
Suppose 21*v = 8*v + 18993. Suppose 2*y - 6*y = -3*z + v, 5*y = 0. What are the prime factors of (-3)/((-12)/z) - (-9)/(-12)?
11
Let w(t) = -2*t**3 - 2*t**2 + 2*t + 2. Let s be w(2). Let p = -17 - s. What are the prime factors of 9 - (6 - 3)*p?
2, 3
What are the prime factors of -1*((-719050)/25 - -21)?
41, 701
Let y(l) = l**3 + 88*l**2 + 193*l + 748. List the prime factors of y(-84).
2, 5, 11, 29
Let o(l) = 46*l**2 + 87*l - 747. List the prime factors of o(9).
2, 3, 11, 19
Let s(i) = 13*i**3 + 9*i**2 - 10*i + 10. Let u be s(6). Suppose -u = -14*w + 6466. Suppose -12*r + w = -2078. What are the prime factors of r?
2, 5, 23
Let r = -2272 - -2252. Suppose -4*b - 11 + 471 = 4*w, b = 3*w + 123. Let k = r + b. What are the prime factors of k?
97
Let f be 32613 + (-2 - -2 - (2 - 5)). Suppose f - 11364 = 11*b. List the prime factors of b.
2, 3, 7, 23
Let h(f) = -5*f**2 + 58*f - 5. Let y be h(14). Let q = y - -945. List the prime factors of q.
2, 193
Let s be 68*((-2)/(-8) + 3/4). Suppose -s = 4*x - 256. Suppose 5*z + 2*c = 251, 5*z = c + x + 210. What are the prime factors of z?
3, 17
Let q(a) = 13635*a**2 + 60*a + 71. List the prime factors of q(-1).
2, 6823
Suppose 0 = 80*x - 76*x + 2284. Let r = x + 1222. List the prime factors of r.
3, 7, 31
Let h be 42/(-70)*5*2 - -9. Suppose -h*t + 320 = -631. What are the prime factors of t?
317
Suppose 5*t = 7*m - 3*m + 45, -2*m = -3*t + 25. Suppose 0*o + 65 = -o - t*k, -86 = o - 2*k. Let u = o + 148. List the prime factors of u.
2, 17
Let w(a) = 4*a**3 + 4*a**2 - 6*a + 4. Let d be -2 - -10 - (2 + 1). Let r be w(d). Suppose 6*f + 148 = r. What are the prime factors of f?
71
Let w be (12/(-10) - -2)*41760/64. Let y = w + -116. What are the prime factors of y?
2, 7, 29
Let j be (-6)/51 - ((-900)/51)/(-3). What are the prime factors of (154/11)/(j/(-93))?
7, 31
Let x = 8 + -5. Suppose 2*b - 323 = 5*l, 639 = 3*b + b - x*l. What are the prime factors of b?
3, 53
Let y = 96 - 48. Let r = -53 + y. What are the prime factors of (-4)/20 + (-411)/r?
2, 41
Suppose 0 = -a - 32 + 33. List the prime factors of (-422)/(1*(a - 2)).
2, 211
Let a be 40/(-140) + ((-111)/7)/(-3). Suppose 9*d + 5*z = 8*d + 1792, 0 = -a*z + 10. List the prime factors of d.
2, 3, 11
Suppose 0 = 80*m + 120*m + 10*m - 5604480. List the prime factors of m.
2, 3, 139
Let l be -2*((-11)/(-22))/(1/(-2)). Let s be ((-49)/(-7))/(l/4). List the prime factors of (-4 - -3)*s*(-54)/21.
2, 3
Suppose -5*d = -3*p - 14681 - 5537, 4*p = -5*d + 20211. What are the prime factors of d?
13, 311
Let f(d) = d**3 + 6*d + 992. Let y(k) = k**3 - 8*k**2 - 8*k - 9. Let x be y(9). What are the prime factors of f(x)?
2, 31
Let j = -9 - -12. Suppose 2*c - 16 = -10. What are the prime factors of 221 + (j/1)/c?
2, 3, 37
Let a(j) = -j**3 + 2*j**2 + 5*j - 6. Let p be a(2). Let l(n) = 26*n**3 - 6*n**2 + 4*n - 8. List the prime factors of l(p).
2, 197
Suppose 7*c + 296 = -c. Let a = -34 - c. Suppose -f - 2*k + 102 = 0, a*k - 15 = -2*k. What are the prime factors of f?
2, 3
Let z = 999 - 915. Suppose z*u = 87*u - 4737. What are the prime factors of u?
1579
Let m be (3/(-6))/((-3)/(-114)). Let r be (-8)/32 + (-123)/(-12). Let t = r - m. What are the prime factors of t?
29
Let u be (48/(-21))/4 + 4427/(-7). Let c = -380 - u. What are the prime factors of c?
11, 23
Let a = -16 - -19. Suppose -a*s + 12 = -3. Suppose s*d + x = -x + 355, d - x - 64 = 0. List the prime factors of d.
3, 23
Let t be 10 + (-4)/(2/2). Suppose 4 - 4 = -t*g. Suppose g = 42*p - 46*p + 488. List the prime factors of p.
2, 61
Let n = 27425 + -8635. What are the prime factors of n?
2, 5, 1879
Suppose 7*r - 311897 = -14306. Suppose 23*j - r = -14*j. What are the prime factors of j?
3, 383
Let y(q) = 22*q - 63. Let c be y(3). Suppose -2*b = -2*r + 1878, 2*b = -3*r + c*b + 2809. What are the prime factors of r?
5, 11, 17
Suppose -2*r = -5*j + 32046, -2*j - 20*r + 24*r = -12828. List the prime factors of j.
2, 3, 89
Let y = -18285 + 33000. What are the prime factors of y?
3, 5, 109
Suppose 3081 = -15*x - 8844. Let a = 1234 + x. What are the prime factors of a?
439
Let c = 36004 - 5814. List the prime factors of c.
2, 5, 3019
Let m(r) = 4*r - 14. Let x be m(4). Suppose 490 = x*p + 160. Suppose p = 3*c - 399. List the prime factors of c.
2, 47
What are the prime factors of 3842503/73 + 62/(-2263)?
13, 4049
Suppose 2*c + 89 = 253. Suppose -4*s + 5*s = c. Suppose 13 + s = x. List the prime factors of x.
5, 19
Let r = -565 - -557. Let b(h) = 17*h**2 - 3*h - 28. List the prime factors of b(r).
2, 271
Suppose -2*j = j - 3*w - 9300, 5*w - 9332 = -3*j. What are the prime factors of j?
2, 97
Suppose 28 = -4*j - 21*l + 17*l, 2*l + 12 = -j. What are the prime factors of (8 - 7) + 7/j*-140?
491
Let h(y) = y**3 - 7*y**2 - 3*y + 24. Let t be h(7). Suppose t*i + 18 - 6 = 0. What are the prime factors of 56 + -6 + (-2 - i)?
2, 13
Suppose -2*q - 1 = b + 8, b - 7 = 2*q. Let v be -12 + -23 - (b - 6/(-2)). Let t = v + 96. What are the prime factors of t?
59
Suppose -140*x = -200*x + 331140. List the prime factors of x.
5519
What are the prime factors of 3 + 0/(1 - -6) + 611?
2, 307
Suppose -2*i = 232 - 782. Let h = i + -186. List the prime factors of h.
89
Suppose -m - 7*i + 7520 = 0, -3*i - 12368 = -2*m + 2655. What are the prime factors of m?
11, 683
Let o = 100 - 75. What are the prime factors of 24360/o - (-6)/10?
3, 5, 13
Suppose 0 = 2*l + 21 - 217. Suppose 3*d = 5*d + 50. Let g = d + l. List the prime factors of g.
73
Let y(l) = -l**3 + 20*l**2 - 14*l + 15. Let z be y(19). Let b = 144 - z. List the prime factors of b.
2, 17
Suppose 86 = 4*m - 4*h - 110, -3*m + 122 = 2*h. Let t be 24/(m/(-99)*1/4). Let y = t + 327. List the prime factors of y.
3, 37
Suppose 828 = 4*w + f + 101, 3*f = -15. Let v = 582 + w. What are the prime factors of v?
3, 5, 17
Suppose -15 = 5*g, -2*g - 9 = 2*h + 3*g. Let r(d) = 5*d**2 - h + 15*d - 12*d + 3*d**2 - 2*d**2. List the prime factors of r(5).
2, 3
Let r = -21 - -31. Suppose 623 - 173 = -r*j. Let q = j - -76. List the prime factors of q.
31
Let n = -43 + 46. Let u(i) = 11*i**2 - 4*i + 7 + 6*i**n - 3*i**3 - 